{"id":444,"date":"2018-02-14T16:00:11","date_gmt":"2018-02-14T15:00:11","guid":{"rendered":"http:\/\/www.vivaipinto.it\/wp\/?page_id=444"},"modified":"2018-04-28T11:35:32","modified_gmt":"2018-04-28T10:35:32","slug":"privacy-policy","status":"publish","type":"page","link":"https:\/\/www.vivaipinto.it\/dir\/privacy-policy\/","title":{"rendered":"Informativa sulla Privacy"},"content":{"rendered":"<h3>PRIVACY POLICY AI SENSI DEL DECRETO LEGISLATIVO N. 196 DEL 30 GIUGNO 2003<\/h3>\n<p>In questa pagina si descrivono le modalit\u00e0 di gestione del presente sito Web in riferimento al trattamento dei dati personali degli utenti che lo consultano.<\/p>\n<p>Si tratta di un\u2019informativa che \u00e8 resa anche ai sensi dell\u2019art. 13 del D.lgs. n. 196\/2003 \u2013 Codice in materia di protezione dei dati personali \u2013 a coloro che interagiscono con i servizi web di Florovivaistica di Pinto Nicola accessibili per via telematica a partire dall\u2019indirizzo: http:\/\/www.vivaipinto.it\/, corrispondente alla pagina iniziale del sito ufficiale di Florovivaistica di Pinto Nicola<\/p>\n<p>L\u2019informativa deve considerarsi rilasciata, in via esclusiva, per i contenuti relativi alle pagine di questo sito web e non anche in relazione ai siti che l\u2019utente si trovi a consultare tramite eventuali link presenti sulle pagine del sito medesimo quali, ad esempio, i link a Facebook, Twitter e Linkedin, alle cui specifiche privacy policy si rinvia per quanto di competenza.<\/p>\n<p>L\u2019informativa si ispira anche alla Raccomandazione n. 2\/2001 che le autorit\u00e0 europee per la protezione dei dati personali, riunite nel Gruppo istituito dall\u2019art. 29 della direttiva n. 95\/46\/CE , hanno adottato il 17 maggio 2001 per individuare alcuni requisiti minimi per la raccolta di dati personali on-line, e, in particolare, le modalit\u00e0, i tempi e la natura delle informazioni che i titolari del trattamento devono fornire agli utenti quando questi si collegano a pagine web, indipendentemente dagli scopi del collegamento.<\/p>\n<h4>IL TITOLARE DEL TRATTAMENTO<\/h4>\n<p>A seguito della consultazione di questo sito possono essere trattati dati relativi a persone identificate o identificabili. Il titolare del loro trattamento \u00e8 Pinto Nicola con sede a Locorotondo, ss 172-1 Laureto, 211 &#8211; 70010 Italia, telefono 338.7657068<\/p>\n<h4>LUOGO DI TRATTAMENTO DEI DATI<\/h4>\n<p>I trattamenti connessi ai servizi web di questo sito hanno luogo presso i locali di Florovivaistica di Pinto Nicola e sono curati solo da personale incaricato del trattamento. Nessun dato derivante dal servizio web viene comunicato ad altri soggetti oltre a quelli elencati nella presente informativa n\u00e9 diffuso.<\/p>\n<h4>TIPI DI DATI TRATTATI<\/h4>\n<p><strong>Dati di navigazione<\/strong><\/p>\n<p>I sistemi informatici e le procedure software preposte al funzionamento di questo sito web acquisiscono, nel corso del loro normale esercizio, alcuni dati personali la cui trasmissione \u00e8 implicita nell\u2019uso dei protocolli di comunicazione di Internet.<\/p>\n<p>Si tratta di informazioni che non sono raccolte per essere associate a interessati identificati, ma che per loro stessa natura potrebbero, attraverso elaborazioni ed associazioni con dati detenuti da terzi, permettere di identificare gli utenti.<\/p>\n<p>In questa categoria di dati rientrano gli indirizzi IP o i nomi a dominio dei computer utilizzati dagli utenti che si connettono al sito, gli indirizzi in notazione URI (Uniform Resource Identifier) delle risorse richieste, il browser, l\u2019orario della richiesta, il metodo utilizzato nel sottoporre la richiesta al server, la dimensione del file ottenuto in risposta, il codice numerico indicante lo stato della risposta data dal server ed altri parametri relativi al sistema operativo e all\u2019ambiente informatico dell\u2019utente.<\/p>\n<p>Questi dati sono utilizzati al solo fine di ricavare informazioni statistiche anonime sull\u2019uso del sito e per controllarne il corretto funzionamento e sono cancellati immediatamente dopo l\u2019elaborazione. I dati potrebbero essere utilizzati anche per l\u2019accertamento di responsabilit\u00e0 in caso di reati informatici ai danni del sito, salva tale eventualit\u00e0, allo stato i dati sui contatti web non persistono per pi\u00f9 di 30 giorni e comunque non oltre il tempo necessario ad evadere le eventuali richieste presentate tramite la compilazione di form presenti sul sito stesso.<\/p>\n<p><strong>Dati forniti volontariamente dall\u2019utente<\/strong><\/p>\n<p>L\u2019invio facoltativo, esplicito e volontario di posta elettronica agli indirizzi indicati su questo sito, ovvero la compilazione di form sullo stesso presenti, comporta la successiva acquisizione dell\u2019indirizzo del mittente nonch\u00e9 degli eventuali altri dati personali inseriti e il successivo trattamento per le finalit\u00e0 ivi indicate e comunque per rispondere alle richieste degli interessati. Si assicura, tuttavia, che tale trattamento sar\u00e0 improntato ai principi di correttezza, liceit\u00e0 e trasparenza e di tutela della riservatezza come indicato nel D. Lgs. 196\/2003.<\/p>\n<p>I dati personali non sono comunicati a terzi. Qualora richiesti devono comunque essere resi disponibili alla Polizia Postale e delle Comunicazioni, all\u2019Autorit\u00e0 Giudiziaria e alla Polizia giudiziaria.<\/p>\n<h4>COOKIES<\/h4>\n<p>In proposito si rinvia all\u2019informativa specifica accessibile cliccando <a href=\"https:\/\/www.vivaipinto.it\/dir\/privacy-policy\/\">QUI<\/a>.<\/p>\n<h4>FACOLTATIVIT\u00c0 DEL CONFERIMENTO DEI DATI<\/h4>\n<p>A parte quanto sopra specificato, resta ferma la natura facoltativa della possibilit\u00e0, da parte dell\u2019utente, di fornire i propri dati personali. Il mancato conferimento, tuttavia, pu\u00f2 compromettere l\u2019accesso, la fruizione e l\u2019erogazione dei servizi online, nonch\u00e9 la qualit\u00e0 della prestazione attesa.<\/p>\n<h4>MODALIT\u00c0 DEL TRATTAMENTO<\/h4>\n<p>I dati personali sono trattati con strumenti automatizzati per il tempo strettamente necessario a conseguire gli scopi per i quali sono stati raccolti. Specifiche misure di sicurezza sono osservate per prevenire la perdita dei dati, usi illeciti o non corretti ed accessi non autorizzati.<\/p>\n<p>Nello svolgimento di tali attivit\u00e0, Florovivaistica Pinto Nicola pu\u00f2 avvalersi dell\u2019aiuto di aziende esterne, consulenti, consorzi, fornitori di software e servizi tutte nominate Responsabili del trattamento e operanti, tramite personale identificato e incaricato, nell\u2019ambito delle finalit\u00e0 previste e in modo da garantire la massima sicurezza possibile dei dati.<\/p>\n<p>I dati personali forniti dagli utenti che inoltrano richieste di contatto relative ai servizi offerti dall\u2019Azienda e alla loro eventuale attivazione ovvero richiedono di ricevere materiale promozionale tramite newsletter o inviano il proprio curriculum vitae sono utilizzati al solo fine di eseguire il servizio o la prestazione richiesta e sono comunicati a terzi nel solo caso in cui ci\u00f2 sia a tal fine necessario. Nello specifico, comunque, rinviamo al testo dell\u2019informativa presente in calce ad ogni form.<\/p>\n<h4>DIRITTI DEGLI INTERESSATI<\/h4>\n<p>I soggetti cui si riferiscono i dati personali hanno il diritto in qualunque momento di ottenere la conferma dell\u2019esistenza o meno dei medesimi dati e di conoscerne il contenuto e l\u2019origine, verificarne l\u2019esattezza o chiederne l\u2019integrazione o l\u2019aggiornamento, oppure la rettificazione (art. 7 del d.lgs. n. 196\/2003). Ai sensi del medesimo articolo si ha il diritto di chiedere la cancellazione, la trasformazione in forma anonima o il blocco dei dati trattati in violazione di legge, nonch\u00e9 di opporsi in ogni caso, per motivi legittimi, al loro trattamento.<\/p>\n<p>Le richieste vanno rivolte senza particolari formalit\u00e0 e comunque senza spese a Florovivaistica Pinto Nicola attraverso i recapiti indicati sul sito stesso ovvero all\u2019indirizzo mail info@vivaipinto.it<\/p>\n<p>Considerando che lo stato di perfezionamento dei meccanismi automatici di controllo non li rende attualmente esenti da errori e disfunzioni, si precisa che il presente documento costituisce la \u201cPrivacy Policy\u201d di questo sito che potr\u00e0 essere soggetta ad aggiornamenti. Le modifiche potranno, tra l\u2019altro, rendersi necessarie alla luce dell\u2019evoluzione delle tecnologie informatiche e delle innovazioni normative.<\/p>\n<p><strong>Note legali<\/strong><\/p>\n<p>Il nome a dominio vivaipinto.it \u00e8 registrato dalla Florovivaistica Pinto Nicola con sede in Locorotondo, ss 172-1 laureto, 211 &#8211; 70010 (BA) Italia.<\/p>\n<p>Florovivaistica Pinto Nicola si riserva il diritto di modificare i contenuti del sito web e delle presenti note legali in qualsiasi momento e senza preavviso alcuno.<\/p>\n<p><strong>Copyright<\/strong><\/p>\n<p>Tutti i contenuti e le informazioni presenti all\u2019interno del sito sono protetti ai sensi della normativa sul diritto d\u2019autore, in ragione di ci\u00f2 nessun contenuto potr\u00e0 essere copiato, modificato, rivenduto o utilizzato per fini di lucro o per trarne qualsivoglia utilit\u00e0.<\/p>\n<p>I contenuti pubblicati su questo sito, nonch\u00e9 le foto pubblicate, non possono essere replicati su altri siti Web, mailing list, newsletter, riviste cartacee ed altri supporti senza la preventiva autorizzazione scritta di Florovivaistica Pinto Nicola e comunque senza citarne la fonte.<\/p>\n<p>La riproduzione dei testi forniti nel formato elettronico \u00e8 consentita esclusivamente per uso personale e non commerciale e purch\u00e9 venga menzionata la fonte.<\/p>\n<p><strong>Utilizzo del sito web<\/strong><\/p>\n<p>In nessun casoFlorovivaistica Pinto Nicola potr\u00e0 essere ritenuta responsabile dei danni di qualsiasi natura causati direttamente o indirettamente dall\u2019accesso al sito, dall\u2019incapacit\u00e0 o impossibilit\u00e0 di accedervi.<\/p>\n<p>Florovivaistica Pinto Nicola provvede ad inserire nel sito informazioni costantemente aggiornate, ma non pu\u00f2 assicurare o garantire la loro assoluta completezza o accuratezza.<\/p>\n<p><strong>Accesso a siti esterni collegati<\/strong><\/p>\n<p>Florovivaistica Pinto Nicola non \u00e8 responsabile del contenuto presente in siti esterni ovvero nei c.d. social network ai quali \u00e8 possibile accedere tramite i collegamenti posti all\u2019interno di questo sito Web.<\/p>\n<p>Florovivaistica Pinto Nicola non \u00e8 responsabile n\u00e9 per le informazioni ottenute dall\u2019utente tramite l\u2019accesso a tali siti collegati, n\u00e9 per le loro caratteristiche di accessibilit\u00e0 e utilizzabilit\u00e0, della completezza e precisione delle informazioni disponibili in tali siti cos\u00ec come della loro grafica e funzionalit\u00e0.<\/p>\n<p>&nbsp;<\/p>\n<p>Lo staff<br \/>\nFlorovivaistica Pinto Nicola<\/p>\n","protected":false},"excerpt":{"rendered":"<p>PRIVACY POLICY AI SENSI DEL DECRETO LEGISLATIVO N. 196 DEL 30 GIUGNO 2003 In questa pagina si descrivono le modalit\u00e0 di gestione del presente sito Web in riferimento al trattamento dei dati personali degli utenti che lo consultano. Si tratta di un\u2019informativa che \u00e8 resa anche ai sensi dell\u2019art. 13 del D.lgs. n. 196\/2003 \u2013 [&hellip;]<\/p>\n","protected":false},"author":1,"featured_media":0,"parent":0,"menu_order":0,"comment_status":"closed","ping_status":"closed","template":"fullwidth.php","meta":{"footnotes":""},"class_list":["post-444","page","type-page","status-publish","hentry"],"yoast_head":"<!-- This site is optimized with the Yoast SEO plugin v27.3 - https:\/\/yoast.com\/product\/yoast-seo-wordpress\/ -->\n<title>Informativa sulla Privacy - Florovivaistica Pinto Nicola<\/title>\n<meta name=\"robots\" content=\"index, follow, max-snippet:-1, max-image-preview:large, max-video-preview:-1\" \/>\n<link rel=\"canonical\" href=\"https:\/\/www.vivaipinto.it\/dir\/privacy-policy\/\" \/>\n<meta property=\"og:locale\" content=\"it_IT\" \/>\n<meta property=\"og:type\" content=\"article\" \/>\n<meta property=\"og:title\" content=\"Informativa sulla Privacy - Florovivaistica Pinto Nicola\" \/>\n<meta property=\"og:description\" content=\"PRIVACY POLICY AI SENSI DEL DECRETO LEGISLATIVO N. 196 DEL 30 GIUGNO 2003 In questa pagina si descrivono le modalit\u00e0 di gestione del presente sito Web in riferimento al trattamento dei dati personali degli utenti che lo consultano. Si tratta di un\u2019informativa che \u00e8 resa anche ai sensi dell\u2019art. 13 del D.lgs. n. 196\/2003 \u2013 [&hellip;]\" \/>\n<meta property=\"og:url\" content=\"https:\/\/www.vivaipinto.it\/dir\/privacy-policy\/\" \/>\n<meta property=\"og:site_name\" content=\"Florovivaistica Pinto Nicola\" \/>\n<meta property=\"article:publisher\" content=\"https:\/\/www.facebook.com\/nicola.pinto.568\" \/>\n<meta property=\"article:modified_time\" content=\"2018-04-28T10:35:32+00:00\" \/>\n<meta name=\"twitter:card\" content=\"summary_large_image\" \/>\n<meta name=\"twitter:label1\" content=\"Tempo di lettura stimato\" \/>\n\t<meta name=\"twitter:data1\" content=\"7 minuti\" \/>\n<script type=\"application\/ld+json\" class=\"yoast-schema-graph\">{\"@context\":\"https:\\\/\\\/schema.org\",\"@graph\":[{\"@type\":\"WebPage\",\"@id\":\"https:\\\/\\\/www.vivaipinto.it\\\/dir\\\/privacy-policy\\\/\",\"url\":\"https:\\\/\\\/www.vivaipinto.it\\\/dir\\\/privacy-policy\\\/\",\"name\":\"Informativa sulla Privacy - Florovivaistica Pinto Nicola\",\"isPartOf\":{\"@id\":\"https:\\\/\\\/www.vivaipinto.it\\\/dir\\\/#website\"},\"datePublished\":\"2018-02-14T15:00:11+00:00\",\"dateModified\":\"2018-04-28T10:35:32+00:00\",\"breadcrumb\":{\"@id\":\"https:\\\/\\\/www.vivaipinto.it\\\/dir\\\/privacy-policy\\\/#breadcrumb\"},\"inLanguage\":\"it-IT\",\"potentialAction\":[{\"@type\":\"ReadAction\",\"target\":[\"https:\\\/\\\/www.vivaipinto.it\\\/dir\\\/privacy-policy\\\/\"]}]},{\"@type\":\"BreadcrumbList\",\"@id\":\"https:\\\/\\\/www.vivaipinto.it\\\/dir\\\/privacy-policy\\\/#breadcrumb\",\"itemListElement\":[{\"@type\":\"ListItem\",\"position\":1,\"name\":\"Home\",\"item\":\"https:\\\/\\\/www.vivaipinto.it\\\/dir\\\/\"},{\"@type\":\"ListItem\",\"position\":2,\"name\":\"Informativa sulla Privacy\"}]},{\"@type\":\"WebSite\",\"@id\":\"https:\\\/\\\/www.vivaipinto.it\\\/dir\\\/#website\",\"url\":\"https:\\\/\\\/www.vivaipinto.it\\\/dir\\\/\",\"name\":\"Florovivaistica Pinto Nicola\",\"description\":\"Produzione e vendita piante - Allestimento e manutenzione giardini\",\"publisher\":{\"@id\":\"https:\\\/\\\/www.vivaipinto.it\\\/dir\\\/#organization\"},\"potentialAction\":[{\"@type\":\"SearchAction\",\"target\":{\"@type\":\"EntryPoint\",\"urlTemplate\":\"https:\\\/\\\/www.vivaipinto.it\\\/dir\\\/?s={search_term_string}\"},\"query-input\":{\"@type\":\"PropertyValueSpecification\",\"valueRequired\":true,\"valueName\":\"search_term_string\"}}],\"inLanguage\":\"it-IT\"},{\"@type\":\"Organization\",\"@id\":\"https:\\\/\\\/www.vivaipinto.it\\\/dir\\\/#organization\",\"name\":\"Florovivaistica Pinto Nicola\",\"url\":\"https:\\\/\\\/www.vivaipinto.it\\\/dir\\\/\",\"logo\":{\"@type\":\"ImageObject\",\"inLanguage\":\"it-IT\",\"@id\":\"https:\\\/\\\/www.vivaipinto.it\\\/dir\\\/#\\\/schema\\\/logo\\\/image\\\/\",\"url\":\"https:\\\/\\\/www.vivaipinto.it\\\/dir\\\/wp-content\\\/uploads\\\/2018\\\/03\\\/logo-web.png\",\"contentUrl\":\"https:\\\/\\\/www.vivaipinto.it\\\/dir\\\/wp-content\\\/uploads\\\/2018\\\/03\\\/logo-web.png\",\"width\":400,\"height\":100,\"caption\":\"Florovivaistica Pinto Nicola\"},\"image\":{\"@id\":\"https:\\\/\\\/www.vivaipinto.it\\\/dir\\\/#\\\/schema\\\/logo\\\/image\\\/\"},\"sameAs\":[\"https:\\\/\\\/www.facebook.com\\\/nicola.pinto.568\"]}]}<\/script>\n<!-- \/ Yoast SEO plugin. -->","yoast_head_json":{"title":"Informativa sulla Privacy - Florovivaistica Pinto Nicola","robots":{"index":"index","follow":"follow","max-snippet":"max-snippet:-1","max-image-preview":"max-image-preview:large","max-video-preview":"max-video-preview:-1"},"canonical":"https:\/\/www.vivaipinto.it\/dir\/privacy-policy\/","og_locale":"it_IT","og_type":"article","og_title":"Informativa sulla Privacy - Florovivaistica Pinto Nicola","og_description":"PRIVACY POLICY AI SENSI DEL DECRETO LEGISLATIVO N. 196 DEL 30 GIUGNO 2003 In questa pagina si descrivono le modalit\u00e0 di gestione del presente sito Web in riferimento al trattamento dei dati personali degli utenti che lo consultano. Si tratta di un\u2019informativa che \u00e8 resa anche ai sensi dell\u2019art. 13 del D.lgs. n. 196\/2003 \u2013 [&hellip;]","og_url":"https:\/\/www.vivaipinto.it\/dir\/privacy-policy\/","og_site_name":"Florovivaistica Pinto Nicola","article_publisher":"https:\/\/www.facebook.com\/nicola.pinto.568","article_modified_time":"2018-04-28T10:35:32+00:00","twitter_card":"summary_large_image","twitter_misc":{"Tempo di lettura stimato":"7 minuti"},"schema":{"@context":"https:\/\/schema.org","@graph":[{"@type":"WebPage","@id":"https:\/\/www.vivaipinto.it\/dir\/privacy-policy\/","url":"https:\/\/www.vivaipinto.it\/dir\/privacy-policy\/","name":"Informativa sulla Privacy - Florovivaistica Pinto Nicola","isPartOf":{"@id":"https:\/\/www.vivaipinto.it\/dir\/#website"},"datePublished":"2018-02-14T15:00:11+00:00","dateModified":"2018-04-28T10:35:32+00:00","breadcrumb":{"@id":"https:\/\/www.vivaipinto.it\/dir\/privacy-policy\/#breadcrumb"},"inLanguage":"it-IT","potentialAction":[{"@type":"ReadAction","target":["https:\/\/www.vivaipinto.it\/dir\/privacy-policy\/"]}]},{"@type":"BreadcrumbList","@id":"https:\/\/www.vivaipinto.it\/dir\/privacy-policy\/#breadcrumb","itemListElement":[{"@type":"ListItem","position":1,"name":"Home","item":"https:\/\/www.vivaipinto.it\/dir\/"},{"@type":"ListItem","position":2,"name":"Informativa sulla Privacy"}]},{"@type":"WebSite","@id":"https:\/\/www.vivaipinto.it\/dir\/#website","url":"https:\/\/www.vivaipinto.it\/dir\/","name":"Florovivaistica Pinto Nicola","description":"Produzione e vendita piante - Allestimento e manutenzione giardini","publisher":{"@id":"https:\/\/www.vivaipinto.it\/dir\/#organization"},"potentialAction":[{"@type":"SearchAction","target":{"@type":"EntryPoint","urlTemplate":"https:\/\/www.vivaipinto.it\/dir\/?s={search_term_string}"},"query-input":{"@type":"PropertyValueSpecification","valueRequired":true,"valueName":"search_term_string"}}],"inLanguage":"it-IT"},{"@type":"Organization","@id":"https:\/\/www.vivaipinto.it\/dir\/#organization","name":"Florovivaistica Pinto Nicola","url":"https:\/\/www.vivaipinto.it\/dir\/","logo":{"@type":"ImageObject","inLanguage":"it-IT","@id":"https:\/\/www.vivaipinto.it\/dir\/#\/schema\/logo\/image\/","url":"https:\/\/www.vivaipinto.it\/dir\/wp-content\/uploads\/2018\/03\/logo-web.png","contentUrl":"https:\/\/www.vivaipinto.it\/dir\/wp-content\/uploads\/2018\/03\/logo-web.png","width":400,"height":100,"caption":"Florovivaistica Pinto Nicola"},"image":{"@id":"https:\/\/www.vivaipinto.it\/dir\/#\/schema\/logo\/image\/"},"sameAs":["https:\/\/www.facebook.com\/nicola.pinto.568"]}]}},"_links":{"self":[{"href":"https:\/\/www.vivaipinto.it\/dir\/wp-json\/wp\/v2\/pages\/444","targetHints":{"allow":["GET"]}}],"collection":[{"href":"https:\/\/www.vivaipinto.it\/dir\/wp-json\/wp\/v2\/pages"}],"about":[{"href":"https:\/\/www.vivaipinto.it\/dir\/wp-json\/wp\/v2\/types\/page"}],"author":[{"embeddable":true,"href":"https:\/\/www.vivaipinto.it\/dir\/wp-json\/wp\/v2\/users\/1"}],"replies":[{"embeddable":true,"href":"https:\/\/www.vivaipinto.it\/dir\/wp-json\/wp\/v2\/comments?post=444"}],"version-history":[{"count":5,"href":"https:\/\/www.vivaipinto.it\/dir\/wp-json\/wp\/v2\/pages\/444\/revisions"}],"predecessor-version":[{"id":1162,"href":"https:\/\/www.vivaipinto.it\/dir\/wp-json\/wp\/v2\/pages\/444\/revisions\/1162"}],"wp:attachment":[{"href":"https:\/\/www.vivaipinto.it\/dir\/wp-json\/wp\/v2\/media?parent=444"}],"curies":[{"name":"wp","href":"https:\/\/api.w.org\/{rel}","templated":true}]}}